thousands digit of 57772116?
7
What is the thousands digit of 124616191?
6
What is the tens digit of 45963167?
6
What is the tens digit of 163853147?
4
What is the units digit of 52790726?
6
What is the hundred millions digit of 204997740?
2
What is the thousands digit of 13719357?
9
What is the ten thousands digit of 468840406?
4
What is the ten thousands digit of 3737268660?
6
What is the ten thousands digit of 406930904?
3
What is the millions digit of 128030610?
8
What is the hundreds digit of 315513630?
6
What is the hundred millions digit of 359079912?
3
What is the hundred thousands digit of 22086158?
0
What is the ten millions digit of 290557378?
9
What is the hundred thousands digit of 409704352?
7
What is the millions digit of 831166722?
1
What is the thousands digit of 158679737?
9
What is the hundred millions digit of 1127271445?
1
What is the ten millions digit of 2401302213?
0
What is the thousands digit of 2061460733?
0
What is the units digit of 328551797?
7
What is the hundred thousands digit of 1557163863?
1
What is the millions digit of 65513819?
5
What is the hundred millions digit of 102934335?
1
What is the thousands digit of 165840484?
0
What is the hundred thousands digit of 638968816?
9
What is the units digit of 162447805?
5
What is the millions digit of 46483438?
6
What is the hundreds digit of 57786725?
7
What is the thousands digit of 835459072?
9
What is the ten thousands digit of 48561371?
6
What is the ten thousands digit of 2186370222?
7
What is the thousands digit of 39403382?
3
What is the thousands digit of 141750978?
0
What is the millions digit of 14408396?
4
What is the tens digit of 789407907?
0
What is the ten millions digit of 68825144?
6
What is the tens digit of 34968884?
8
What is the millions digit of 3071665078?
1
What is the tens digit of 132615855?
5
What is the billions digit of 3182119300?
3
What is the hundred millions digit of 9661026867?
6
What is the thousands digit of 3409266?
9
What is the tens digit of 24888335?
3
What is the millions digit of 232362805?
2
What is the hundreds digit of 283054532?
5
What is the thousands digit of 41102590?
2
What is the hundred thousands digit of 6820322034?
3
What is the ten millions digit of 24103965?
2
What is the ten thousands digit of 28035769?
3
What is the hundreds digit of 3803492760?
7
What is the hundred millions digit of 198983401?
1
What is the millions digit of 376197758?
6
What is the tens digit of 1851246694?
9
What is the tens digit of 33205591?
9
What is the thousands digit of 1617659345?
9
What is the units digit of 69207412?
2
What is the tens digit of 3189766789?
8
What is the thousands digit of 1180870354?
0
What is the ten thousands digit of 17627298?
2
What is the hundred thousands digit of 4791355?
7
What is the hundred thousands digit of 61681789?
6
What is the ten millions digit of 211752934?
1
What is the units digit of 32405174?
4
What is the ten thousands digit of 680851633?
5
What is the ten millions digit of 35566327?
3
What is the thousands digit of 45069357?
9
What is the hundreds digit of 781016557?
5
What is the ten millions digit of 387173149?
8
What is the tens digit of 77744302?
0
What is the units digit of 1920239733?
3
What is the units digit of 40637651?
1
What is the hundreds digit of 1587854791?
7
What is the hundred thousands digit of 49730355?
7
What is the ten thousands digit of 120881393?
8
What is the tens digit of 139403342?
4
What is the ten millions digit of 15366242?
1
What is the hundred thousands digit of 263447771?
4
What is the hundred thousands digit of 770029225?
0
What is the hundreds digit of 397459036?
0
What is the hundred thousands digit of 645457614?
4
What is the hundred millions digit of 1513373250?
5
What is the thousands digit of 7701734?
1
What is the ten millions digit of 19396428?
1
What is the hundred thousands digit of 21326547?
3
What is the tens digit of 29586249?
4
What is the hundreds digit of 4356950018?
0
What is the hundred millions digit of 323479411?
3
What is the hundred thousands digit of 508439462?
4
What is the millions digit of 152726372?
2
What is the millions digit of 397177931?
7
What is the ten millions digit of 5268170687?
6
What is the millions digit of 2601854606?
1
What is the thousands digit of 859919515?
9
What is the units digit of 540111739?
9
What is the ten millions digit of 3538010391?
3
What is the thousands digit of 178486974?
6
What is the units digit of 64578296?
6
What is the hundreds digit of 1238255545?
5
What is the millions digit of 253692727?
3
What is the hundreds digit of 14220899?
8
What is the tens digit of 191305271?
7
What is the millions digit of 32303734?
2
What is the hundreds digit of 184444153?
1
What is the units digit of 1556667269?
9
What is the ten thousands digit of 493918528?
1
What is the hundreds digit of 57764260?
2
What is the ten thousands digit of 108247634?
4
What is the thousands digit of 118244102?
4
What is the tens digit of 533629705?
0
What is the hundred thousands digit of 429575148?
5
What is the ten millions digit of 400424374?
0
What is the thousands digit of 1120513945?
3
What is the ten thousands digit of 3148950136?
5
What is the millions digit of 145532164?
5
What is the hundreds digit of 1271593740?
7
What is the thousands digit of 462804109?
4
What is the hundreds digit of 132174785?
7
What is the hundred thousands digit of 139998471?
9
What is the hundreds digit of 2170435347?
3
What is the tens digit of 4045385?
8
What is the tens digit of 23621513?
1
What is the hundreds digit of 173951398?
3
What is the hundreds digit of 3550900352?
3
What is the billions digit of 1437812161?
1
What is the units digit of 2491268027?
7
What is the hundred thousands digit of 352451709?
4
What is the ten millions digit of 250189763?
5
What is the ten thousands digit of 48167347?
6
What is the units digit of 2392112?
2
What is the ten millions digit of 163983811?
6
What is the hundred millions digit of 1931113541?
9
What is the hundred millions digit of 625763499?
6
What is the hundred millions digit of 529246097?
5
What is the ten thousands digit of 257256825?
5
What is the ten thousands digit of 2650809533?
0
What is the ten millions digit of 3797238974?
9
What is the millions digit of 124916296?
4
What is the ten millions digit of 870174043?
7
What is the ten thousands digit of 473590227?
9
What is the hundreds digit of 1466701004?
0
What is the millions digit of 87621864?
7
What is the ten thousands digit of 251408259?
0
What is the hundreds digit of 266146082?
0
What is the tens digit of 1895677622?
2
What is the ten millions digit of 73909140?
7
What is the hundred thousands digit of 361258297?
2
What is the hundreds digit of 2972846?
8
What is the hundred millions digit of 435120910?
4
What is the thousands digit of 103512376?
2
What is the hundred millions digit of 120386149?
1
What is the thousands digit of 207199538?
9
What is the hundred thousands digit of 2003886586?
8
What is the ten millions digit of 152690521?
5
What is the tens digit of 379993796?
9
What is the hundreds digit of 1446321582?
5
What is the hundreds digit of 158490962?
9
What is the tens digit of 524099716?
1
What is the hundred millions digit of 2037667737?
0
What is the ten thousands digit of 33454218?
5
What is the ten thousands digit of 1236433032?
3
What is the ten thousands digit of 360737324?
3
What is the thousands digit of 1265881078?
1
What is the hundred millions digit of 387661964?
3
What is the ten thousands digit of 80188060?
8
What is the hundreds digit of 104016768?
7
What is the thousands digit of 597170675?
0
What is the ten millions digit of 920056319?
2
What is the units digit of 17492705?
5
What is the thousands digit of 327532098?
2
What is the hundred thousands digit of 1249431148?
4
What is the tens digit of 6735909067?
6
What is the units digit of 74334421?
1
What is the ten millions digit of 625441636?
2
What is the tens digit of 2898269867?
6
What is the hundred millions digit of 140650508?
1
What is the units digit of 39956506?
6
What is the ten thousands digit of 534789709?
8
What is the tens digit of 78647251?
5
What is the hundred millions digit of 1399283448?
3
What is the thousands digit of 1429020824?
0
W